{"id":941,"date":"2018-03-15T16:05:00","date_gmt":"2018-03-15T20:05:00","guid":{"rendered":"https:\/\/childdevelop.ca\/mothersinmind\/?page_id=941"},"modified":"2025-08-01T13:05:08","modified_gmt":"2025-08-01T17:05:08","slug":"page-daccueil","status":"publish","type":"page","link":"https:\/\/childdevelop.ca\/mothersinmind\/fr\/","title":{"rendered":"Page d\u2019accueil"},"content":{"rendered":"\n\n\n<div class=\"wp-block-group\"><div class=\"wp-block-group__inner-container is-layout-constrained wp-block-group-is-layout-constrained\">\n<h4 class=\"wp-block-heading\">Mothers in Mind<sup>MC<\/sup> (MIM) est un programme th\u00e9rapeutique de groupe m\u00e8re-enfant qui tient compte des traumatismes, sp\u00e9cialement con\u00e7u pour r\u00e9pondre aux besoins parentaux des m\u00e8res qui ont des enfants de moins de quatre ans, et qui ont \u00e9t\u00e9 victimes de traumatismes interpersonnels. Ces traumatismes peuvent inclure des exp\u00e9riences de violence envers un partenaire intime (VPI) \u00e0 l\u2019\u00e2ge adulte et\/ou de maltraitance et de n\u00e9gligence pendant l\u2019enfance et l\u2019adolescence.<\/h4>\n\n\n\n<h4 class=\"wp-block-heading\">Con\u00e7u par le Child Development Institute (CDI) pour combler un manque dans les services offerts aux m\u00e8res ayant v\u00e9cu un traumatisme et \u00e9levant des enfants de moins de quatre ans, MIM intervient \u00e0 un stade pr\u00e9coce, tant chez les m\u00e8res que chez leurs jeunes enfants, qui ont aussi \u00e9t\u00e9 touch\u00e9s par un traumatisme. Il aide les m\u00e8res \u00e0 se connecter \u00e0 leurs jeunes enfants dans un contexte ludique et favorable, mettant ainsi en \u00e9vidence et en renfor\u00e7ant leurs points forts.<\/h4>\n\n\n\n<h4 class=\"wp-block-heading\">Aujourd\u2019hui, MIM aborde plusieurs th\u00e8mes pour aider les m\u00e8res \u00e0 explorer diff\u00e9rentes fa\u00e7ons d\u2019\u00eatre aimantes et de prendre soin d\u2019elles-m\u00eames, tout en r\u00e9fl\u00e9chissant et en d\u00e9veloppant des strat\u00e9gies pour r\u00e9pondre avec sensibilit\u00e9 aux besoins de leur jeune enfant. Ce programme vise \u00e0 am\u00e9liorer les liens parent-enfant, \u00e0 renforcer la confiance en soi des parents et \u00e0 mettre en relation des familles ayant des exp\u00e9riences similaires.<\/h4>\n\n\n\n<hr class=\"wp-block-separator has-alpha-channel-opacity\"\/>\n<\/div><\/div>\n\n\n\n<p><strong>*Note d\u2019ordre linguistique<\/strong> <strong>:<\/strong> <em>Dans le cadre du MIM, nous utilisons le terme \u00ab m\u00e8re \u00bb compte tenu des cons\u00e9quences disproportionn\u00e9es de la violence entre partenaires intimes sur les femmes, et du fardeau de la responsabilit\u00e9 qui leur est impos\u00e9 par la soci\u00e9t\u00e9, en particulier dans certains domaines, comme celui de la protection de l\u2019enfance. Nous reconnaissons que les parents\/tuteurs de diff\u00e9rents genres font \u00e9galement face \u00e0 la violence de leur partenaire intime et \u00e0 d\u2019autres formes de traumatisme. Ainsi, le terme \u00ab m\u00e8re \u00bb englobe un large \u00e9ventail d\u2019identit\u00e9s de genre, notamment les aidants qui s\u2019identifient comme \u00e9tant des m\u00e8res cisgenres, des m\u00e8res trans, des aidants non binaires, bispirituels et f\u00e9minins.<\/em><\/p>\n","protected":false},"excerpt":{"rendered":"<p>Mothers in MindMC (MIM) est un programme th\u00e9rapeutique de groupe m\u00e8re-enfant qui tient compte des traumatismes, sp\u00e9cialement con\u00e7u pour r\u00e9pondre aux besoins parentaux des m\u00e8res qui ont des enfants de moins de quatre ans, et qui ont \u00e9t\u00e9 victimes de traumatismes interpersonnels. Ces traumatismes peuvent inclure des exp\u00e9riences de violence envers un partenaire intime (VPI) [&hellip;]<\/p>\n","protected":false},"author":1,"featured_media":0,"parent":0,"menu_order":187,"comment_status":"closed","ping_status":"closed","template":"template-home-fr.php","meta":{"_acf_changed":false,"footnotes":""},"class_list":["post-941","page","type-page","status-publish","hentry"],"acf":[],"aioseo_notices":[],"_links":{"self":[{"href":"https:\/\/childdevelop.ca\/mothersinmind\/wp-json\/wp\/v2\/pages\/941","targetHints":{"allow":["GET"]}}],"collection":[{"href":"https:\/\/childdevelop.ca\/mothersinmind\/wp-json\/wp\/v2\/pages"}],"about":[{"href":"https:\/\/childdevelop.ca\/mothersinmind\/wp-json\/wp\/v2\/types\/page"}],"author":[{"embeddable":true,"href":"https:\/\/childdevelop.ca\/mothersinmind\/wp-json\/wp\/v2\/users\/1"}],"replies":[{"embeddable":true,"href":"https:\/\/childdevelop.ca\/mothersinmind\/wp-json\/wp\/v2\/comments?post=941"}],"version-history":[{"count":4,"href":"https:\/\/childdevelop.ca\/mothersinmind\/wp-json\/wp\/v2\/pages\/941\/revisions"}],"predecessor-version":[{"id":3827,"href":"https:\/\/childdevelop.ca\/mothersinmind\/wp-json\/wp\/v2\/pages\/941\/revisions\/3827"}],"wp:attachment":[{"href":"https:\/\/childdevelop.ca\/mothersinmind\/wp-json\/wp\/v2\/media?parent=941"}],"curies":[{"name":"wp","href":"https:\/\/api.w.org\/{rel}","templated":true}]}}